mainder when 2 + 2519/5 + (-442)/(-2210) is divided by 68*(2 - 20/16).
47
Let w = 49649 + -32734. What is the remainder when w is divided by 11?
8
Suppose -8 = 5*w + i - 13, 2*w + 2*i - 10 = 0. Let b = w - -13. Calculate the remainder when 72 is divided by b.
7
Let c be 464/261 + 1/(9/2). Suppose -c*q + 5*g + 57 = 0, 9*q - g - 66 = 6*q. Calculate the remainder when 649 is divided by q.
19
Suppose 30*w - 111724 = 9*w - 85*w. Calculate the remainder when w is divided by 96.
94
Suppose 0 = 21*c - 3*m - 282, 12*c = 10*c - 3*m + 40. Suppose 0 = -4*z + 2*z + 36. Calculate the remainder when z is divided by c.
4
Let d = 1483 + -772. Suppose 0 = -36311*s + 35771*s + 7560. Calculate the remainder when d is divided by s.
11
Let o = -140 + 162. Let r(t) = t. Let h be r(-7). Let q(y) = y**3 + 8*y**2 + 4*y - 15. Calculate the remainder when o is divided by q(h).
4
Let q be 7/5 + (-12)/(-20). Suppose 0 = -q*u + 99 + 3. Suppose 0 = -22*m + 6*m + 288. What is the remainder when u is divided by m?
15
Let j = 106819 - 106797. Let h = -119 + 237. Calculate the remainder when h is divided by j.
8
Let m(s) = -12*s - 1. Let k be m(2). Let o(i) = -4*i**2 + 91*i - 27. Let y be o(22). Let w = y + k. Calculate the remainder when 40 is divided by w.
12
Let c be 151116/69 + 6/(-69). Suppose -3*u - c = -9*u. Calculate the remainder when u is divided by 23.
20
What is the remainder when (-16)/(-4)*(10 - 9264/(-32)) is divided by 48?
46
Let q(f) = -f. Let a(k) = -k**3 + 8*k**2 - 3*k + 1. Let b(o) = a(o) + 5*q(o). Let y be b(7). What is the remainder when 20 is divided by 9*2/12*(-44)/y?
9
Let j = 259 - 269. What is the remainder when (-2)/(-30)*8508 - (-2)/j is divided by 71?
70
Let n = -11442 - -12299. Calculate the remainder when n is divided by 13.
12
Suppose 0 = 16*r - 448 - 272. Calculate the remainder when 547 is divided by -3*((-220)/r)/((-6)/(-9)).
19
Let o = 2700 - 2593. What is the remainder when 10376 is divided by o?
104
Let b = 529 + -377. Suppose -3*u + 0*u = -5*w - b, -2*w + 10 = 0. Suppose 8*l = 28 + 212. Calculate the remainder when u is divided by l.
29
Let r be 5/(5 + -6) - 1. Calculate the remainder when 2*86/2 + -3 is divided by (86/(-2))/(6/r).
40
Suppose 8*r + 5*n - 110 = 3*r, 3*r + 2*n - 69 = 0. Calculate the remainder when 1321 is divided by r.
21
Suppose 2*q - 600 = -3*q. Let p = -1230 + 1837. Let b = 648 - p. Calculate the remainder when q is divided by b.
38
Let w(c) = 34*c**3 + c**2 - 1. Let h(b) = b**2 - 13*b + 50. Let g be h(8). Calculate the remainder when (266/g)/((-2)/10*-1) is divided by w(1).
31
Let i = 215288 - 215167. Suppose 4*m + 6 = 2. What is the remainder when i is divided by 43 - (2 + 1 + m)?
39
Let u(h) = 10*h**2 - 83*h - 681. Calculate the remainder when u(-9) is divided by 89.
75
Suppose 2 + 23 = 5*z, 2*o + 4*z - 5252 = 0. Calculate the remainder when o is divided by 17.
15
Suppose -559 = 17*d - 30*d. What is the remainder when 145 is divided by (d/2 + 8/(-2))*2?
5
Suppose 67*h - 272643 = -33*h + 41457. What is the remainder when h is divided by 29?
9
Let p = 234 - 227. Calculate the remainder when p is divided by 0 + (-3 - (-80)/28)*-7.
0
Suppose 23*w = 20*w - 75. Calculate the remainder when -3 + -28*w/10 is divided by (-71)/(-5) + (-3)/15.
11
Suppose 40*b = 15*b - 19*b + 3960. Calculate the remainder when b is divided by 43.
4
Let o(p) = 36*p + 52. Suppose -2*i = -5*z + 517, -3*z + i = -z - 207. What is the remainder when z is divided by o(0)?
51
Let i(g) be the third derivative of -1/15*g**5 + 0 + 0*g - 4/3*g**3 + 13*g**2 - 17/12*g**4. What is the remainder when 31 is divided by i(-8)?
7
Let x = 6140 - -149. Calculate the remainder when x is divided by 203.
199
Let l be (33 - -2) + 6*(-4)/(-8). Suppose -52 - l = -2*j. Let t(m) = 7*m - 8. What is the remainder when j is divided by t(3)?
6
Let h = -47 - -8. Let w = -21 - h. Let a(g) = 14*g**2 - 55*g - 286. What is the remainder when w is divided by a(-3)?
3
Suppose 31 = 5*x - c, -x + 6 = 2*c - 9. Suppose 5*y + 3*v = 30, -y - x*v = -3*v + 11. What is the remainder when 96 is divided by y?
6
Let r = -631 + 1636. Calculate the remainder when r is divided by 112.
109
What is the remainder when 8/(3/((-72)/(-32))) + 254 + 3 is divided by 4?
3
Suppose 2*d - 83 - 7 = -2*t, 3*t = -d + 131. What is the remainder when 1130 is divided by t?
12
Let v(n) = -2*n**3 + 111*n**2 - 156*n - 97. Calculate the remainder when 806 is divided by v(54).
125
Let h(s) = 11*s - 142. Let c be h(13). What is the remainder when 27 is divided by c/(-5) - (3 - 72/10)?
3
Let s = -2725 + 2807. Let h(y) = -10*y + 5. Let a be h(4). Let c = -21 - a. What is the remainder when s is divided by c?
12
Calculate the remainder when 391920/1472 + (-22)/(-8) is divided by 6.
5
Suppose 489*a - 272 = 473*a. Calculate the remainder when 341 is divided by a.
1
Let o(f) = -42*f - 31. Suppose 0 = t + 174 - 172. What is the remainder when o(t) is divided by 4?
1
Let m = -148 - -173. Calculate the remainder when 251 is divided by m.
1
Let s = 5888 + -663. What is the remainder when s is divided by 9?
5
Suppose 2*y - 8 + 2 = a, 6 = 2*y - 2*a. Suppose u = y*u - 4*i - 56, 4*i = -3*u + 74. Calculate the remainder when u is divided by 12.
2
Let o = -207 + 220. Let t be 8/14 + 198/21. Let m(u) = 4*u - 16. Calculate the remainder when m(t) is divided by o.
11
Calculate the remainder when 181 is divided by ((-20)/(-11) + 10/55)*14.
13
Let t = 207 + -87. Let g = 2519 + -2458. Calculate the remainder when t is divided by g.
59
Let f(m) = 2*m**2 - 39*m + 82. Calculate the remainder when f(21) is divided by 15.
10
Let h = -39198 + 39854. Calculate the remainder when h is divided by 109.
2
Suppose -3273*b + 3253*b + 70400 = 0. What is the remainder when b is divided by 1172?
4
Let o = -26303 + 26443. Calculate the remainder when 1807 is divided by o.
127
Suppose -466 = -5*g - 431. Calculate the remainder when 63 is divided by -5 + 25 + (g - (1 - -1)).
13
Calculate the remainder when 101 is divided by ((-20)/(-30))/((-14)/21) + 67.
35
Suppose -37 + 1077 = 8*j. Suppose -6*t = j - 214. What is the remainder when 152 is divided by t?
12
Suppose c - l - 104 = -100, 0 = -6*c - 5*l + 46. Let m = 4 - 3. Calculate the remainder when c is divided by m.
0
Suppose -84*l - 84*l = -175*l + 9863. Calculate the remainder when l is divided by 94.
93
Let k = -3959 - -3961. What is the remainder when 30 is divided by k?
0
Suppose -3*u = -2*g - 3080, -1568 = -5*u - 4*g + 3580. What is the remainder when u is divided by 32?
4
Suppose -3*i + r + 449 = 0, i - r = 6*r + 163. What is the remainder when 2828 is divided by i?
146
Let l = -7 + 16. Suppose -6*c + 63 - l = 0. What is the remainder when 50 is divided by c?
5
Let g(l) = -4*l**2 - 5*l - 17. Let b be g(-5). Let i = 9 - b. What is the remainder when i is divided by 44?
13
Let s(p) = -p**3 + 14*p**2 + 326*p - 4645. Calculate the remainder when 770 is divided by s(16).
3
Let t(o) = -o**2 - 3*o. Let g be t(-3). Suppose j + 7 - 1 = g. Calculate the remainder when 60 is divided by j*(12/(-8) - 2).
18
Let k be -1*-3*(-44)/(-6). Suppose -23*z + 4 = -k*z. Suppose -o - q = -4*o + 190, z*o - 3*q - 260 = 0. Calculate the remainder when o is divided by 7.
6
Suppose -69*o = -67*o - 6. Suppose 2*g + 11 = 5*r + 24, 0 = -3*r - o. What is the remainder when (-2)/(-2) + 31 + 1 is divided by g?
1
Let l(t) = -t**2 - 12*t - 78. Let r be l(-15). Let i = -86 - r. What is the remainder when i is divided by 10?
7
Suppose 4*r = 3*f + 10136, 0*r = r + 4*f - 2534. Suppose 0 = l - 15*l + r. Suppose 2*o - 46 = -0*o. What is the remainder when l is divided by o?
20
Suppose t - 36*r - 15 - 143 = 0, 2*r = 2*t - 736. Let x = 46 + -21. Calculate the remainder when t is divided by x.
24
Suppose 142 + 2 = -12*s. Let j = s + 167. What is the remainder when j is divided by 40?
35
Let v be (234/(-24))/13 - 3/(-4). Suppose 7*t = -v - 7. Calculate the remainder when ((-3)/(-4))/(t - (-420)/416) is divided by 20.
18
Let a(z) = -z**2 + 4*z + 1. Let p be a(3). Let l be (46/4)/((-2)/p). Let x = l + 41. What is the remainder when 69 is divided by x?
15
Suppose -6*r + 7*r - 67 = a, -a + 371 = 5*r. Calculate the remainder when 821 is divided by r.
18
Let l be ((-25)/(-10)*-6 + 4)/(-1). Suppose 5620 = l*v - 1684. Calculate the remainder when v is divide